multiple of 22?
True
Does 83 divide 17765626?
False
Is 9 a factor of 363009175?
False
Is 4 a factor of 121284306?
False
Is 11397216 a multiple of 16?
True
Is 98 a factor of 90412990?
False
Is 108 a factor of 4245516828?
True
Does 99 divide 5803083?
True
Is 2068 a factor of 43835396?
True
Does 10 divide 1412849970?
True
Does 18 divide 44627238?
True
Does 70 divide 107640820?
True
Does 10 divide 343465009?
False
Is 694770275 a multiple of 25?
True
Does 228 divide 211473702?
False
Is 72739765 a multiple of 881?
True
Is 9 a factor of 318632488?
False
Does 336 divide 263987029?
False
Does 19 divide 303975490?
True
Does 845 divide 78805545?
True
Is 117297356 a multiple of 1249?
False
Does 322 divide 37388708?
True
Is 1400 a factor of 17931200?
True
Is 58 a factor of 526369836?
True
Is 110078150 a multiple of 13?
True
Is 3073 a factor of 109048807?
False
Is 178161238 a multiple of 118?
True
Is 170 a factor of 113308574?
False
Is 24 a factor of 21552120?
True
Does 14 divide 27615126?
True
Is 62 a factor of 704819698?
False
Does 2272 divide 2750512736?
True
Does 1002 divide 148486380?
True
Is 55620832 a multiple of 2272?
True
Does 34 divide 72114408?
True
Is 8695024169 a multiple of 13?
True
Does 579 divide 33494571?
True
Is 1464454059 a multiple of 603?
False
Is 3138 a factor of 165620502?
True
Does 21 divide 1452871056?
True
Does 42 divide 159469453?
False
Is 36691491 a multiple of 2?
False
Does 332 divide 50481596?
True
Is 8 a factor of 38597416?
True
Is 94260964 a multiple of 7?
True
Is 2077 a factor of 727640808?
False
Is 1064 a factor of 663746599?
False
Is 2099482 a multiple of 321?
False
Is 334 a factor of 180075098?
True
Does 7331 divide 1223301977?
True
Does 687 divide 3201753?
False
Is 56 a factor of 685508176?
False
Is 34 a factor of 30929278?
False
Is 1192 a factor of 60335464?
True
Is 104436426 a multiple of 38?
True
Is 58692725 a multiple of 455?
True
Is 25926742 a multiple of 2498?
True
Is 1448375268 a multiple of 6?
True
Does 98 divide 153444284?
True
Does 32 divide 1404812288?
True
Is 224 a factor of 10092544?
True
Does 79 divide 175073431?
False
Does 423 divide 420971715?
True
Does 5 divide 118123270?
True
Is 18714674 a multiple of 11?
True
Is 21 a factor of 53270559?
False
Is 378809513 a multiple of 1081?
False
Is 16 a factor of 44852832?
True
Is 51 a factor of 6312168?
True
Is 671511058 a multiple of 3?
False
Is 74 a factor of 24372936?
True
Is 91897078 a multiple of 6958?
False
Is 8 a factor of 22437040?
True
Does 17 divide 1415736840?
False
Does 1192 divide 31707200?
True
Does 8 divide 473102250?
False
Is 733 a factor of 20590146?
False
Does 1563 divide 199015227?
True
Is 323 a factor of 876598785?
False
Does 459 divide 36315162?
True
Does 547 divide 1240891769?
False
Does 126 divide 2248109?
False
Is 134613850 a multiple of 350?
True
Does 2051 divide 90621384?
True
Is 1418753585 a multiple of 995?
True
Is 670280 a multiple of 10?
True
Is 18 a factor of 827853848?
False
Is 11 a factor of 447865468?
False
Is 85197182 a multiple of 19?
False
Is 644413000 a multiple of 440?
True
Does 6718 divide 791106618?
False
Is 220554725 a multiple of 906?
False
Does 6 divide 947937462?
True
Is 1156 a factor of 42083167?
False
Is 13309608 a multiple of 312?
True
Does 13 divide 24309922?
True
Is 106 a factor of 278023622?
False
Does 22 divide 103242854?
True
Does 687 divide 740270477?
False
Is 2928126 a multiple of 18?
False
Does 1712 divide 36402256?
True
Is 82442163 a multiple of 17?
True
Is 382508028 a multiple of 12?
True
Is 3951922 a multiple of 442?
True
Is 65672071 a multiple of 910?
False
Is 330018089 a multiple of 206?
False
Does 73 divide 2398767225?
True
Is 14082450 a multiple of 446?
True
Does 5507 divide 1297416158?
True
Is 57 a factor of 630412235?
False
Is 148 a factor of 39508452?
True
Is 14166329 a multiple of 128?
False
Does 94 divide 71352392?
True
Does 100 divide 2057667000?
True
Is 210 a factor of 56761320?
True
Does 30 divide 6973359?
False
Is 13443836 a multiple of 711?
False
Does 30 divide 487382921?
False
Is 6854003 a multiple of 375?
False
Is 472108896 a multiple of 168?
True
Is 1493624722 a multiple of 8065?
False
Is 63 a factor of 27385533?
True
Does 39 divide 752321512?
False
Does 111 divide 1358085555?
True
Does 79 divide 192767268?
True
Does 2048 divide 426104832?
True
Is 4 a factor of 176161604?
True
Is 44 a factor of 957531092?
False
Is 398 a factor of 37873680?
True
Is 16280110 a multiple of 75?
False
Is 332361330 a multiple of 15?
True
Does 5068 divide 354939382?
False
Is 23 a factor of 22741986?
True
Does 61 divide 67404512?
True
Is 64 a factor of 7239336?
False
Is 102 a factor of 106319050?
False
Is 23 a factor of 55571607?
False
Does 9975 divide 1577526300?
True
Does 279 divide 258782776?
False
Is 9 a factor of 27265743?
True
Is 1491807 a multiple of 6?
False
Is 229928788 a multiple of 394?
False
Is 180903814 a multiple of 116?
False
Is 2786950412 a multiple of 8439?
False
Is 224459502 a multiple of 123?
True
Is 44728922 a multiple of 68?
False
Is 22 a factor of 126452304?
True
Is 131755152 a multiple of 28?
False
Does 7 divide 250477646?
False
Does 27 divide 10835127?
True
Is 281389524 a multiple of 78?
True
Does 1067 divide 703988461?
True
Is 32 a factor of 97636367?
False
Is 12 a factor of 2187706628?
False
Does 1260 divide 27581400?
True
Is 807 a factor of 63428339?
False
Is 388923552 a multiple of 68?
True
Is 59 a factor of 99989083?
False
Is 1478 a factor of 33144150?
True
Does 860 divide 885984162?
False
Is 1011 a factor of 475001975?
False
Is 511172436 a multiple of 140?
False
Does 46 divide 634150769?
False
Does 1321 divide 437919426?
True
Does 88 divide 5402717988?
False
Is 3 a factor of 60461517?
True
Is 1858 a factor of 26025006?
True
Is 1072776798 a multiple of 9?
True
Is 3 a factor of 9148350?
True
Is 50422911 a multiple of 1279?
False
Is 7 a factor of 2523566?
False
Does 2038 divide 461031973?
False
Does 26 divide 30999514?
True
Does 191 divide 50373194?
True
Is 64 a factor of 6219328?
True
Is 2582781 a multiple of 14?
False
Does 13 divide 2597738176?
False
Does 1811 divide 379562057?
True
Is 11184300 a multiple of 100?
True
Does 260 divide 74205934?
False
Is 557 a factor of 341727298?
True
Does 56 divide 972714792?
True
Does 12 divide 22691832?
True
Is 924 a factor of 125669838?
False
Is 2237632975 a multiple of 5825?
True
Is 55 a factor of 1172659070?
True
Does 10 divide 3395907735?
False
Is 138237341 a multiple of 4?
False
Is 183 a factor of 54951632?
False
Is 102 a factor of 50680331?
False
Does 31 divide 2276743521?
False
Does 1381 divide 60573422?
True
Is 908061404 a multiple of 615?
False
Is 578854364 a multiple of 74?
False
Is 626 a factor of 20325672?
False
Is 2778559489 a multiple of 6197?
False
Is 6 a factor of 1180109?
False
Is 9 a factor of 1483965?
True
Does 53 divide 40885092?
False
Is 205537690 a multiple of 410?
False
Does 19 divide 334457?
True
Does 688 divide 12496832?
True
Is 13438100 a multiple of 100?
True
Is 4935823 a multiple of 67?
True
Is 7 a factor of 3814043?
False
Is 62920624 a multiple of 16?
True
Is 704 a factor of 94100767?
False
Is 91918770 a multiple of 190?
True
Is 3611140 a multiple of 38?
True
Does 9 divide 18151415?
False
Does 2766 divide 816849588?
True
Does 35 divide 964290880?
True
Is 397156194 a multiple of 18?
True
Does 2200 divide 642254478?
False
Is 719307895 a multiple of 5599?
False
Is 338389568 a multiple of 22?
True
Does 118 divide 13306506?
True
Is 305866277 a multiple of 264?
False
Is 9 a factor of 1825372?
False
Is 116 a factor of 17196304?
True
Is 756 a factor of 74291364?
True
Does 1115 divide 16488620?
True
Is 1431558 a multiple of 23?
False
Does 428 divide 45672173?
False
Is 650 a factor of 22037609?
False
Does 86 divide 1160767542?
True
Does 18 divide 887873436?
True
Does 690 divide 9814229?
False
Is 5177730888 a multiple of 9?
True
Does 235 divide 220655365?
True
Does 3236 divide 61564900?
True
Is 61 a factor of 16144499?
False
Does 60 divide 4745000970?
False
Is 110653400 a multiple of 40?
True
Is 5141144974 a multiple of 14?
True
Is 49 a factor of 117486859?
True
Is 403 a factor of 66652089?
False
Is 132017513 a multiple of 109?
False
Is 413622093 a multiple of 501?
True
Does 17 divide 553068146?
False
Is 37 a factor of 268327441?